1. Let p(b) = -d(b) + 9*w(b). Calculate p(-6).
-21
Let d(w) = w**2 + 4. Let v = 108 + -108. Give d(v).
4
Let h be -1 - (3 + -17) - -3. Suppose -26 = -4*i - 10, 2*i - h = -g. Let f(n) = -g*n - 6 + 11*n - 4*n. Determine f(-5).
-1
Let y(p) = p + 23. Let h be y(-15). Suppose -5*m - 2*t = -h - 2, 0 = -2*t. Let o(n) = n**3 + 2*n**2 + 2*n - 3. What is o(m)?
17
Let j(t) be the second derivative of t**5/20 - 2*t**3/3 - t**2 - 115*t. Calculate j(-3).
-17
Let k(h) = 2*h + 5. Let m(i) = 3*i - 3. Suppose -5 = -y - 2*f, -y - f = -0*f - 2. Let a be m(y). What is k(a)?
-7
Let u(n) = -10*n + 14. Let k(w) = 43*w - 59. Let t(o) = 2*k(o) + 9*u(o). What is t(-8)?
40
Let w be 2*(-124)/88 - 2/11. Let t(g) = -2*g**3 + 8*g**2 + 12. Let k(b) = -b**3 + 8*b**2 + 11. Let r(a) = w*k(a) + 2*t(a). Calculate r(-8).
-9
Let a(l) = -5*l**2 - 2 - 1 + 9 - 9*l - 4 + 133*l**3 - 134*l**3. What is a(-4)?
22
Let d(b) = -30 + 52 - 4*b - 28 + 3*b. Determine d(-5).
-1
Let l(z) = 6*z + 1. Let o(n) = -32*n - 43. Let b(a) = 5*l(a) + o(a). What is b(-16)?
-6
Let l(k) = -3*k - k**2 + 1 + 4*k - 5*k + 5*k. Let j = -11 + 13. Let r = j - 2. Calculate l(r).
1
Let m(s) be the first derivative of s**6/360 + s**5/120 + s**4/8 + s**3 - 7. Let d(y) be the third derivative of m(y). Give d(0).
3
Let c be 1 + -4 + (9 - 1). Let y be 13/c - (-9)/(-15). Let a = 0 - y. Let r(p) = 2*p**3 + 4*p**2 + 2*p - 1. Give r(a).
-5
Let j(m) be the third derivative of -m**8/6720 + m**6/720 - m**5/40 + 7*m**4/24 - 5*m**2. Let z(r) be the second derivative of j(r). What is z(0)?
-3
Let j(w) = 0*w**2 + 4 + 54014*w - 5 + w**3 - 54009*w - 5*w**2. Give j(4).
3
Suppose -s = 2*i - 12, 2*i + 3*s = 7*i - 19. Suppose x + i*n = -3*x - 4, -5*n + 3 = -3*x. Let g(p) = -5*p**2 + p + 1. Calculate g(x).
-5
Let m = 16 - 11. Let j(t) = 9 + t**2 + 46*t**3 + 4*t - 11*t**2 - 45*t**3 - 4 + 4*t**2. Determine j(m).
0
Let i(h) = h + 20. Let u(m) = -25*m + 303. Let j be u(13). Give i(j).
-2
Let g(b) be the first derivative of -9/2*b**2 - b - 5. What is g(-2)?
17
Let f(j) = -j**3 + 6*j**2 + 8*j + 2. Let u be 6/4*4 + (-1 - -2). Give f(u).
9
Suppose -2*v = -u + 29, -2*v + 51 = 2*u + 11. Let t = u + -17. Let d(r) = r**2 - 5*r + 3. Calculate d(t).
9
Suppose 0 = -84*q + 87*q - 75. Let z(u) = 2*u**2 - 51*u + 26. Let s be z(q). Let i(g) = -4*g**3 + g**2 - 2*g + 1. Determine i(s).
-4
Let c(o) = -5*o**3 - o**2. Let d(p) = 2*p + 9. Let m = -48 - -31. Let j = m + 12. Let l be d(j). Give c(l).
4
Suppose -2*d + 10 + 20 = 0. Let n(b) = b**3 - 14*b**2 - 14*b - 6. Calculate n(d).
9
Let h(b) = -7*b - 3. Let m(p) = 4*p + 3. Let z be m(4). Let s(d) = z + 2*d - 6 - 37. Let x be s(11). Determine h(x).
11
Let q(u) = -4*u - 2 - 10*u + 11*u. Let h = -276 + 273. Give q(h).
7
Let v(u) = 171 + 0*u**2 + 14*u - u**2 - 81 - 16*u - 88. Let i be (-8)/(-6) - (-2)/3. What is v(i)?
-6
Let l be 3 - 6 - -7 - (-14)/(-2). Let u(b) = -b**3 + 5*b + 4. What is u(l)?
16
Let t(o) = o**2 - 4*o + 1. Let i = 36 - 30. Suppose 5*m = -m + i. Let n be 7 + (6/(-2) - m). Calculate t(n).
-2
Let h(u) = -u**2 + u - 2. Let q = 18 + -11. Let z(x) = x**2 - 7*x + 5. Let f be z(q). Suppose -4*r + 1 = -0*s - s, s + 1 = f*r. Give h(r).
-2
Suppose 2*a + 2*n - 7 = 19, 3*a - 2*n - 44 = 0. Suppose 8 = 5*l + z, 2*l - 1 + a = 5*z. Let r(v) = -v**2 + 1. Determine r(l).
0
Let v(p) be the third derivative of -p**6/120 - p**5/60 + p**4/12 - 2*p**3/3 - 2*p**2 + 5. What is v(-3)?
8
Let b(y) = y**3 + 20*y**2 + 64*y - 15. Let f be b(-16). Let r(h) = h**2 + 15*h - 4. Give r(f).
-4
Let n(b) be the third derivative of b**8/20160 - b**7/2520 - b**6/720 - b**5/12 - 14*b**2. Let d(i) be the third derivative of n(i). Calculate d(4).
7
Suppose -4*q = 3*y + 2 - 19, 0 = -2*q + 2*y - 2. Let m = 0 + q. Let z(v) = -8*v**2 - 4*v**2 + 1 + 2*v**m. Determine z(1).
-9
Let y(f) = -5*f**2 - 69*f. Let c(l) = -4*l**2 - 59*l. Let i(p) = -7*c(p) + 6*y(p). Calculate i(2).
-10
Let s(p) = p**3 - 7*p**2 - 6*p - 5. Suppose 2*k - 4 = 0, 11*k = 2*m + 9*k - 12. What is s(m)?
11
Let k(w) = 2*w - 1. Let j(d) = d**2 - 6*d + 7. Let z be j(5). Suppose 0 = -z*r + 8 + 4. Suppose -r - 6 = -3*v. Determine k(v).
7
Let u(g) = -g**3 - 10*g**2 + 6*g - 47. Let y be u(-11). Let s(k) = 2*k - 2. Give s(y).
14
Let r = -38 + 40. Let x(a) = 3 + 2*a**2 - 10 - r*a + 4 + 2. Give x(-1).
3
Let j(v) = 3*v + 11. Let g(r) = -6*r. Let t be g(-1). Let z be 156/18*t/(-4). Let a(h) = 7*h + 23. Let y(i) = z*j(i) + 6*a(i). Calculate y(4).
7
Suppose 68*y - 71*y = 18. Let k(v) = -v**2 - 6*v - 21. Give k(y).
-21
Let v(h) = -5*h**2 + 9*h + 9. Let t(b) = -4*b**2 + 9*b + 5. Let y(d) = 4*t(d) - 3*v(d). Give y(6).
11
Let x(b) be the third derivative of 5*b**4/24 - b**3 + b**2. Let p(k) = 2*k**3 + 119*k**2 + 57*k - 114. Let m be p(-59). Give x(m).
14
Let j(s) = s**2 + 4*s - 1. Let l be (-4)/6*-1*(-186)/(-4). Suppose 3*t + 2*f = -15, 5*t + 2*f = 6 - l. Give j(t).
4
Suppose -5*t + 5*i = -65 - 25, 4*i - 90 = -5*t. Let b(n) = 6*n - 4 + 5*n - t*n + 5*n. Calculate b(-7).
10
Let d(u) = 17*u - 4. Let m(b) = -50*b + 11. Let s(h) = 8*d(h) + 3*m(h). Give s(1).
-13
Let a(p) be the third derivative of -p**6/120 - 13*p**5/60 - 5*p**3/6 - 111*p**2. Determine a(-13).
-5
Suppose 4*h + 108 = -p + 99, -12 = 3*h - p. Let x(k) = k**2 + 5. Give x(h).
14
Let u(b) = 3*b + 1. Let x(t) be the second derivative of t**3/2 + 4*t**2 - 38*t - 1. Let q = 6 + -10. Let p be x(q). Determine u(p).
-11
Let x(f) = -8*f**2. Suppose o + 2*b = 28, -o - 2*b - 2*b + 34 = 0. Let g = o + -23. Determine x(g).
-8
Let n be ((-18)/(-72))/((-2)/(-32)). Let b(z) = z**2 - 9*z - 1. What is b(n)?
-21
Let k = 5 + -2. Suppose 12 = 3*v + o - 4, -2*v = -k*o + 4. Let b(n) = -4*n + 4. What is b(v)?
-12
Let b be (2 + (-4)/10)*(-45)/(-18). Let y(l) = -l. Let u(j) = -1. Let n(w) = 2*u(w) + y(w). Determine n(b).
-6
Let m = -71 + 88. Let j(y) = -y**3 - m*y**2 + 16*y**2 + 3*y + y. Calculate j(-3).
6
Suppose 2*s - 2*d = 22, -5*s + 11 = d - 20. Let h(r) = -s*r + 0*r - 2 + 2*r + 0*r. Calculate h(-2).
8
Let v(w) = -w**2 + 12*w + 10. Suppose y = -2, -32*y + 27*y + 26 = 3*h. Calculate v(h).
10
Let l(p) = -4*p - 494 + 4*p**2 - 5*p**2 + 494. Let b be (-10)/3 + 4/(-6). What is l(b)?
0
Let i = 104 + -99. Let o(m) = 5 - i*m + 4*m - 1 - 3. What is o(1)?
0
Let j(r) = -r**2 - 7*r + 2. Let f be -3 - 10/(4 - -1). Let l be (f/(-10))/(2/(-28)). What is j(l)?
2
Let f(z) = -z**3 + z**2 + z + 1. Let m = 10 + -17. Let g = -5 - m. Suppose -4*b - g*y = 2*y + 4, -3*y - 3 = 5*b. Calculate f(b).
1
Let p(v) = 2103 + 13*v - 2103. Give p(1).
13
Let v(o) be the first derivative of 1/24*o**4 + 0*o**2 - 2/3*o**3 + 10 + 1/120*o**5 + 0*o. Let j(a) be the third derivative of v(a). Determine j(-5).
-4
Suppose 4*b - 2*w - w = 86, 0 = 2*b + 5*w - 30. Let o(f) = -f + 1. Let y be o(4). Let d be b/15*y/(-2). Let l(g) = -2*g**2 + g - 1. What is l(d)?
-7
Let g = -1196 - -1206. Let i(t) = -t**3 + 10*t**2 - 6*t + 9. Calculate i(g).
-51
Suppose 0 = -3*s + 3*a + 36, 0 = -2*s - 4*a + 10 + 8. Suppose -9*x = s - 2. Let c(p) = p + 2*p**2 - 1 - 5*p**3 - 3*p**2 - 3*p. Determine c(x).
5
Let l(t) be the third derivative of t**5/60 - 13*t**4/24 + 5*t**3/6 + 178*t**2. What is l(13)?
5
Let k be (36/4 + -14)/(0 + -1). Let l(i) = k*i**3 - 97*i - 2*i**3 + 98*i - 3*i**2. What is l(2)?
14
Let l(c) = 2*c**2 - 16*c - 9. Let s be l(9). Let w(x) = s*x - 6 - 11*x**2 + 25*x**2 - 13*x**2. Calculate w(-9).
-6
Let a(p) = -p**2 - p + 8. Suppose -9*f = -106 - 146. Suppose 0 = 11*u + 38 + f. Give a(u).
-22
Let p(m) = -m**3 + 2*m - 4. Suppose -4*z = -17*z. Give p(z).
-4
Let o be 42/(-28)*(-16)/3. Let f(t) = -8*t + o - 13*t + t**2 - 5 + 18*t. Suppose -4*h + h + 6 = 0. What is f(h)?
1
Let z(r) be the third derivative of 11*r**4/24 + r**3/6 - r**2 - 70*r. Determine z(1).
12
Let x(a) = a - 2. Let p(q) = 2*q + 4. Let n(v) = v + 5. Let i(f) = 4*n(f) - 3*p(f). Let t(s) = -2*i(s) - 6*x(s). Calculate t(-6).
8
Let s(v) = v + 7. Let d be -2*(1 - -1 - (-126)/(-12)). Suppose 2*r - 1 = -d. Calculate s(r).
-1
Let r(g) = 2*g**2 - 5*g + 1. Suppose -2*a + 5 = -a. Suppose 6*f - f + a = 0. Let j = 5 + f. Give r(j).
13
Suppose -3*p - 48 = 9*p. Let a(t) = -3*t - 4 - 2*t + 4*t + 4*t. What is a(p)?
-16
Let x(i) be the first derivative of -i**4/4 + 4*i**3/3 + 23. What is x(2)?
8
Let f(h) = h**3 + 5*h**2 + 4*h + 14. Let n(l) = -l**3 - 4*l**2 - 3*l - 13. Let i(g